{"id":450,"date":"2020-03-30T15:02:09","date_gmt":"2020-03-30T13:02:09","guid":{"rendered":"https:\/\/www.qigong-joie-vitalite.com\/?page_id=450"},"modified":"2020-03-30T15:02:10","modified_gmt":"2020-03-30T13:02:10","slug":"qi-gong-barcelona","status":"publish","type":"page","link":"https:\/\/www.qigong-joie-vitalite.com\/index.php\/ca\/qi-gong-barcelona\/","title":{"rendered":"QI GONG BARCELONA"},"content":{"rendered":"\n<h1 style=\"text-align: center;\">Q\u00ec G\u014dng (pronunciar Txi Kong) \u00e9s l\u2019Art del Al\u00e8 de Vida, la pr\u00e0ctica de l\u2019energia vital.<\/h1>\n<h1 style=\"text-align: center;\">\u00c9s l\u2019Art de la Gran Salut. Alimentar la nostra vida sense mai esgotar-la. Un art de viure i una pr\u00e0ctica. Est\u00e0 basat principalment en subtils exercicis corporals energ\u00e8tics i meravelloses Meditacions. \u00ab\u00a0Qi Gong\u00a0: Armonia de les Formes i del Sense Forma\u00a0\u00bb<\/h1>\n","protected":false},"excerpt":{"rendered":"<p>Q\u00ec G\u014dng (pronunciar Txi Kong) \u00e9s l\u2019Art del Al\u00e8 de Vida, la pr\u00e0ctica de l\u2019energia vital. \u00c9s l\u2019Art de la Gran Salut. Alimentar la nostra vida sense mai esgotar-la. Un art de viure i una pr\u00e0ctica. Est\u00e0 basat principalment en subtils exercicis corporals energ\u00e8tics i meravelloses Meditacions. \u00ab\u00a0Qi Gong\u00a0: Armonia de les Formes i del &hellip; <\/p>\n<p class=\"link-more\"><a href=\"https:\/\/www.qigong-joie-vitalite.com\/index.php\/ca\/qi-gong-barcelona\/\" class=\"more-link\">Continuer la lecture<span class=\"screen-reader-text\"> de &laquo;&nbsp;QI GONG BARCELONA&nbsp;&raquo;<\/span><\/a><\/p>\n","protected":false},"author":1,"featured_media":204,"parent":0,"menu_order":0,"comment_status":"closed","ping_status":"closed","template":"","meta":{"footnotes":""},"class_list":["post-450","page","type-page","status-publish","has-post-thumbnail","hentry"],"yoast_head":"<!-- This site is optimized with the Yoast SEO plugin v25.2 - https:\/\/yoast.com\/wordpress\/plugins\/seo\/ -->\n<title>QI GONG BARCELONA - Qi Gong<\/title>\n<meta name=\"description\" content=\"J\u00e9r\u00f4me Quet pratique et enseigne le Qi Gong Ancien \u00e0 Paris et Barcelone.Master Classes et stages dans toute l\u2019Europe.\" \/>\n<meta name=\"robots\" content=\"index, follow, max-snippet:-1, max-image-preview:large, max-video-preview:-1\" \/>\n<link rel=\"canonical\" href=\"https:\/\/www.qigong-joie-vitalite.com\/index.php\/ca\/qi-gong-barcelona\/\" \/>\n<meta property=\"og:locale\" content=\"fr_FR\" \/>\n<meta property=\"og:type\" content=\"article\" \/>\n<meta property=\"og:title\" content=\"QI GONG BARCELONA - Qi Gong\" \/>\n<meta property=\"og:description\" content=\"J\u00e9r\u00f4me Quet pratique et enseigne le Qi Gong Ancien \u00e0 Paris et Barcelone.Master Classes et stages dans toute l\u2019Europe.\" \/>\n<meta property=\"og:url\" content=\"https:\/\/www.qigong-joie-vitalite.com\/index.php\/ca\/qi-gong-barcelona\/\" \/>\n<meta property=\"og:site_name\" content=\"Qi Gong\" \/>\n<meta property=\"article:modified_time\" content=\"2020-03-30T13:02:10+00:00\" \/>\n<meta property=\"og:image\" content=\"https:\/\/www.qigong-joie-vitalite.com\/wp-content\/uploads\/2019\/11\/qi-gong-neuillysurseine.png\" \/>\n\t<meta property=\"og:image:width\" content=\"1200\" \/>\n\t<meta property=\"og:image:height\" content=\"598\" \/>\n\t<meta property=\"og:image:type\" content=\"image\/png\" \/>\n<meta name=\"twitter:card\" content=\"summary_large_image\" \/>\n<script type=\"application\/ld+json\" class=\"yoast-schema-graph\">{\"@context\":\"https:\/\/schema.org\",\"@graph\":[{\"@type\":\"WebPage\",\"@id\":\"https:\/\/www.qigong-joie-vitalite.com\/index.php\/ca\/qi-gong-barcelona\/\",\"url\":\"https:\/\/www.qigong-joie-vitalite.com\/index.php\/ca\/qi-gong-barcelona\/\",\"name\":\"QI GONG BARCELONA - Qi Gong\",\"isPartOf\":{\"@id\":\"https:\/\/www.qigong-joie-vitalite.com\/#website\"},\"primaryImageOfPage\":{\"@id\":\"https:\/\/www.qigong-joie-vitalite.com\/index.php\/ca\/qi-gong-barcelona\/#primaryimage\"},\"image\":{\"@id\":\"https:\/\/www.qigong-joie-vitalite.com\/index.php\/ca\/qi-gong-barcelona\/#primaryimage\"},\"thumbnailUrl\":\"https:\/\/www.qigong-joie-vitalite.com\/wp-content\/uploads\/2019\/11\/qi-gong-neuillysurseine.png\",\"datePublished\":\"2020-03-30T13:02:09+00:00\",\"dateModified\":\"2020-03-30T13:02:10+00:00\",\"description\":\"J\u00e9r\u00f4me Quet pratique et enseigne le Qi Gong Ancien \u00e0 Paris et Barcelone.Master Classes et stages dans toute l\u2019Europe.\",\"breadcrumb\":{\"@id\":\"https:\/\/www.qigong-joie-vitalite.com\/index.php\/ca\/qi-gong-barcelona\/#breadcrumb\"},\"inLanguage\":\"fr-FR\",\"potentialAction\":[{\"@type\":\"ReadAction\",\"target\":[\"https:\/\/www.qigong-joie-vitalite.com\/index.php\/ca\/qi-gong-barcelona\/\"]}]},{\"@type\":\"ImageObject\",\"inLanguage\":\"fr-FR\",\"@id\":\"https:\/\/www.qigong-joie-vitalite.com\/index.php\/ca\/qi-gong-barcelona\/#primaryimage\",\"url\":\"https:\/\/www.qigong-joie-vitalite.com\/wp-content\/uploads\/2019\/11\/qi-gong-neuillysurseine.png\",\"contentUrl\":\"https:\/\/www.qigong-joie-vitalite.com\/wp-content\/uploads\/2019\/11\/qi-gong-neuillysurseine.png\",\"width\":1200,\"height\":598},{\"@type\":\"BreadcrumbList\",\"@id\":\"https:\/\/www.qigong-joie-vitalite.com\/index.php\/ca\/qi-gong-barcelona\/#breadcrumb\",\"itemListElement\":[{\"@type\":\"ListItem\",\"position\":1,\"name\":\"Accueil\",\"item\":\"https:\/\/www.qigong-joie-vitalite.com\/\"},{\"@type\":\"ListItem\",\"position\":2,\"name\":\"QI GONG BARCELONA\"}]},{\"@type\":\"WebSite\",\"@id\":\"https:\/\/www.qigong-joie-vitalite.com\/#website\",\"url\":\"https:\/\/www.qigong-joie-vitalite.com\/\",\"name\":\"Qi Gong\",\"description\":\"JOIE &amp; VITALITE\u00ae\",\"publisher\":{\"@id\":\"https:\/\/www.qigong-joie-vitalite.com\/#organization\"},\"potentialAction\":[{\"@type\":\"SearchAction\",\"target\":{\"@type\":\"EntryPoint\",\"urlTemplate\":\"https:\/\/www.qigong-joie-vitalite.com\/?s={search_term_string}\"},\"query-input\":{\"@type\":\"PropertyValueSpecification\",\"valueRequired\":true,\"valueName\":\"search_term_string\"}}],\"inLanguage\":\"fr-FR\"},{\"@type\":\"Organization\",\"@id\":\"https:\/\/www.qigong-joie-vitalite.com\/#organization\",\"name\":\"Qi Gong\",\"url\":\"https:\/\/www.qigong-joie-vitalite.com\/\",\"logo\":{\"@type\":\"ImageObject\",\"inLanguage\":\"fr-FR\",\"@id\":\"https:\/\/www.qigong-joie-vitalite.com\/#\/schema\/logo\/image\/\",\"url\":\"https:\/\/www.qigong-joie-vitalite.com\/wp-content\/uploads\/2019\/10\/cropped-qigong_cn.png\",\"contentUrl\":\"https:\/\/www.qigong-joie-vitalite.com\/wp-content\/uploads\/2019\/10\/cropped-qigong_cn.png\",\"width\":528,\"height\":250,\"caption\":\"Qi Gong\"},\"image\":{\"@id\":\"https:\/\/www.qigong-joie-vitalite.com\/#\/schema\/logo\/image\/\"}}]}<\/script>\n<!-- \/ Yoast SEO plugin. -->","yoast_head_json":{"title":"QI GONG BARCELONA - Qi Gong","description":"J\u00e9r\u00f4me Quet pratique et enseigne le Qi Gong Ancien \u00e0 Paris et Barcelone.Master Classes et stages dans toute l\u2019Europe.","robots":{"index":"index","follow":"follow","max-snippet":"max-snippet:-1","max-image-preview":"max-image-preview:large","max-video-preview":"max-video-preview:-1"},"canonical":"https:\/\/www.qigong-joie-vitalite.com\/index.php\/ca\/qi-gong-barcelona\/","og_locale":"fr_FR","og_type":"article","og_title":"QI GONG BARCELONA - Qi Gong","og_description":"J\u00e9r\u00f4me Quet pratique et enseigne le Qi Gong Ancien \u00e0 Paris et Barcelone.Master Classes et stages dans toute l\u2019Europe.","og_url":"https:\/\/www.qigong-joie-vitalite.com\/index.php\/ca\/qi-gong-barcelona\/","og_site_name":"Qi Gong","article_modified_time":"2020-03-30T13:02:10+00:00","og_image":[{"width":1200,"height":598,"url":"https:\/\/www.qigong-joie-vitalite.com\/wp-content\/uploads\/2019\/11\/qi-gong-neuillysurseine.png","type":"image\/png"}],"twitter_card":"summary_large_image","schema":{"@context":"https:\/\/schema.org","@graph":[{"@type":"WebPage","@id":"https:\/\/www.qigong-joie-vitalite.com\/index.php\/ca\/qi-gong-barcelona\/","url":"https:\/\/www.qigong-joie-vitalite.com\/index.php\/ca\/qi-gong-barcelona\/","name":"QI GONG BARCELONA - Qi Gong","isPartOf":{"@id":"https:\/\/www.qigong-joie-vitalite.com\/#website"},"primaryImageOfPage":{"@id":"https:\/\/www.qigong-joie-vitalite.com\/index.php\/ca\/qi-gong-barcelona\/#primaryimage"},"image":{"@id":"https:\/\/www.qigong-joie-vitalite.com\/index.php\/ca\/qi-gong-barcelona\/#primaryimage"},"thumbnailUrl":"https:\/\/www.qigong-joie-vitalite.com\/wp-content\/uploads\/2019\/11\/qi-gong-neuillysurseine.png","datePublished":"2020-03-30T13:02:09+00:00","dateModified":"2020-03-30T13:02:10+00:00","description":"J\u00e9r\u00f4me Quet pratique et enseigne le Qi Gong Ancien \u00e0 Paris et Barcelone.Master Classes et stages dans toute l\u2019Europe.","breadcrumb":{"@id":"https:\/\/www.qigong-joie-vitalite.com\/index.php\/ca\/qi-gong-barcelona\/#breadcrumb"},"inLanguage":"fr-FR","potentialAction":[{"@type":"ReadAction","target":["https:\/\/www.qigong-joie-vitalite.com\/index.php\/ca\/qi-gong-barcelona\/"]}]},{"@type":"ImageObject","inLanguage":"fr-FR","@id":"https:\/\/www.qigong-joie-vitalite.com\/index.php\/ca\/qi-gong-barcelona\/#primaryimage","url":"https:\/\/www.qigong-joie-vitalite.com\/wp-content\/uploads\/2019\/11\/qi-gong-neuillysurseine.png","contentUrl":"https:\/\/www.qigong-joie-vitalite.com\/wp-content\/uploads\/2019\/11\/qi-gong-neuillysurseine.png","width":1200,"height":598},{"@type":"BreadcrumbList","@id":"https:\/\/www.qigong-joie-vitalite.com\/index.php\/ca\/qi-gong-barcelona\/#breadcrumb","itemListElement":[{"@type":"ListItem","position":1,"name":"Accueil","item":"https:\/\/www.qigong-joie-vitalite.com\/"},{"@type":"ListItem","position":2,"name":"QI GONG BARCELONA"}]},{"@type":"WebSite","@id":"https:\/\/www.qigong-joie-vitalite.com\/#website","url":"https:\/\/www.qigong-joie-vitalite.com\/","name":"Qi Gong","description":"JOIE &amp; VITALITE\u00ae","publisher":{"@id":"https:\/\/www.qigong-joie-vitalite.com\/#organization"},"potentialAction":[{"@type":"SearchAction","target":{"@type":"EntryPoint","urlTemplate":"https:\/\/www.qigong-joie-vitalite.com\/?s={search_term_string}"},"query-input":{"@type":"PropertyValueSpecification","valueRequired":true,"valueName":"search_term_string"}}],"inLanguage":"fr-FR"},{"@type":"Organization","@id":"https:\/\/www.qigong-joie-vitalite.com\/#organization","name":"Qi Gong","url":"https:\/\/www.qigong-joie-vitalite.com\/","logo":{"@type":"ImageObject","inLanguage":"fr-FR","@id":"https:\/\/www.qigong-joie-vitalite.com\/#\/schema\/logo\/image\/","url":"https:\/\/www.qigong-joie-vitalite.com\/wp-content\/uploads\/2019\/10\/cropped-qigong_cn.png","contentUrl":"https:\/\/www.qigong-joie-vitalite.com\/wp-content\/uploads\/2019\/10\/cropped-qigong_cn.png","width":528,"height":250,"caption":"Qi Gong"},"image":{"@id":"https:\/\/www.qigong-joie-vitalite.com\/#\/schema\/logo\/image\/"}}]}},"_links":{"self":[{"href":"https:\/\/www.qigong-joie-vitalite.com\/index.php\/wp-json\/wp\/v2\/pages\/450","targetHints":{"allow":["GET"]}}],"collection":[{"href":"https:\/\/www.qigong-joie-vitalite.com\/index.php\/wp-json\/wp\/v2\/pages"}],"about":[{"href":"https:\/\/www.qigong-joie-vitalite.com\/index.php\/wp-json\/wp\/v2\/types\/page"}],"author":[{"embeddable":true,"href":"https:\/\/www.qigong-joie-vitalite.com\/index.php\/wp-json\/wp\/v2\/users\/1"}],"replies":[{"embeddable":true,"href":"https:\/\/www.qigong-joie-vitalite.com\/index.php\/wp-json\/wp\/v2\/comments?post=450"}],"version-history":[{"count":1,"href":"https:\/\/www.qigong-joie-vitalite.com\/index.php\/wp-json\/wp\/v2\/pages\/450\/revisions"}],"predecessor-version":[{"id":451,"href":"https:\/\/www.qigong-joie-vitalite.com\/index.php\/wp-json\/wp\/v2\/pages\/450\/revisions\/451"}],"wp:featuredmedia":[{"embeddable":true,"href":"https:\/\/www.qigong-joie-vitalite.com\/index.php\/wp-json\/wp\/v2\/media\/204"}],"wp:attachment":[{"href":"https:\/\/www.qigong-joie-vitalite.com\/index.php\/wp-json\/wp\/v2\/media?parent=450"}],"curies":[{"name":"wp","href":"https:\/\/api.w.org\/{rel}","templated":true}]}}