{"id":402,"date":"2020-03-27T14:52:15","date_gmt":"2020-03-27T13:52:15","guid":{"rendered":"https:\/\/www.qigong-joie-vitalite.com\/?page_id=402"},"modified":"2023-10-08T11:38:04","modified_gmt":"2023-10-08T09:38:04","slug":"donde-praticar","status":"publish","type":"page","link":"https:\/\/www.qigong-joie-vitalite.com\/index.php\/es\/donde-praticar\/","title":{"rendered":"DONDE PRATICAR"},"content":{"rendered":"\n<p style=\"text-align: center;\">Actualmente las clases semanales y las Masterclass se hacen por videoconferencia en Internet.<\/p>\n<p style=\"text-align: center;\">La videoconferencia no a\u00f1ade mayores dificultades en la transmisi\u00f3n, en el aprendizaje ni tampoco en el perfeccionamiento de la pr\u00e1ctica del Qi Gong y de la Meditaci\u00f3n.<\/p>\n<p style=\"text-align: center;\">La adaptaci\u00f3n pedag\u00f3gica es f\u00e1cil y esta acompa\u00f1ada por el profesor.<\/p>\n<p>\u00a0<\/p>\n<p>\u00a0<\/p>\n<p style=\"text-align: center;\"><strong>Qi Gong Antiguo<\/strong><\/p>\n<p style=\"text-align: center;\">1 sesi\u00f3n cada semana: los lunes o los jueves de 20h a 21h30<\/p>\n<p style=\"text-align: center;\">2 sesiones cada semana: los lunes y los jueves de 20h a 21h30<\/p>\n<p style=\"text-align: center;\">Meditaci\u00f3n<\/p>\n<p style=\"text-align: center;\">1 o 2 sesiones por semana<\/p>\n<p style=\"text-align: center;\">Martes \u2013 Meditaci\u00f3n ma\u00f1anera de 6h40 a 7h40<\/p>\n<p style=\"text-align: center;\">Miercoles \u2013 Meditaci\u00f3n nocturna de 22h30 a 23h30<\/p>\n<p>\u00a0<\/p>\n<p style=\"text-align: center;\"><strong>Clases particulares todos los d\u00edas (laborales y fines de semana)<\/strong><\/p>\n<p>\u00a0<\/p>\n\n\n\n<p class=\"has-text-align-center\">+33 (0)7 82 26 47 64 <\/p>\n\n\n\n<div class=\"wp-block-button aligncenter\"><a class=\"wp-block-button__link wp-element-button\" href=\"https:\/\/www.qigong-joie-vitalite.com\/index.php\/es\/contacto\/\">Contact\/inscription<\/a><\/div>\n","protected":false},"excerpt":{"rendered":"<p>Actualmente las clases semanales y las Masterclass se hacen por videoconferencia en Internet. La videoconferencia no a\u00f1ade mayores dificultades en la transmisi\u00f3n, en el aprendizaje ni tampoco en el perfeccionamiento de la pr\u00e1ctica del Qi Gong y de la Meditaci\u00f3n. La adaptaci\u00f3n pedag\u00f3gica es f\u00e1cil y esta acompa\u00f1ada por el profesor. \u00a0 \u00a0 Qi Gong &hellip; <\/p>\n<p class=\"link-more\"><a href=\"https:\/\/www.qigong-joie-vitalite.com\/index.php\/es\/donde-praticar\/\" class=\"more-link\">Continuer la lecture<span class=\"screen-reader-text\"> de &laquo;&nbsp;DONDE PRATICAR&nbsp;&raquo;<\/span><\/a><\/p>\n","protected":false},"author":1,"featured_media":0,"parent":0,"menu_order":0,"comment_status":"closed","ping_status":"closed","template":"","meta":{"footnotes":""},"class_list":["post-402","page","type-page","status-publish","hentry"],"yoast_head":"<!-- This site is optimized with the Yoast SEO plugin v25.2 - https:\/\/yoast.com\/wordpress\/plugins\/seo\/ -->\n<title>DONDE PRATICAR - Qi Gong<\/title>\n<meta name=\"description\" content=\"O\u00f9 pratiquer les cours de Qi gong \u00e0 Paris\" \/>\n<meta name=\"robots\" content=\"index, follow, max-snippet:-1, max-image-preview:large, max-video-preview:-1\" \/>\n<link rel=\"canonical\" href=\"https:\/\/www.qigong-joie-vitalite.com\/index.php\/es\/donde-praticar\/\" \/>\n<meta property=\"og:locale\" content=\"fr_FR\" \/>\n<meta property=\"og:type\" content=\"article\" \/>\n<meta property=\"og:title\" content=\"DONDE PRATICAR - Qi Gong\" \/>\n<meta property=\"og:description\" content=\"O\u00f9 pratiquer les cours de Qi gong \u00e0 Paris\" \/>\n<meta property=\"og:url\" content=\"https:\/\/www.qigong-joie-vitalite.com\/index.php\/es\/donde-praticar\/\" \/>\n<meta property=\"og:site_name\" content=\"Qi Gong\" \/>\n<meta property=\"article:modified_time\" content=\"2023-10-08T09:38:04+00:00\" \/>\n<meta name=\"twitter:card\" content=\"summary_large_image\" \/>\n<meta name=\"twitter:label1\" content=\"Dur\u00e9e de lecture estim\u00e9e\" \/>\n\t<meta name=\"twitter:data1\" content=\"1 minute\" \/>\n<script type=\"application\/ld+json\" class=\"yoast-schema-graph\">{\"@context\":\"https:\/\/schema.org\",\"@graph\":[{\"@type\":\"WebPage\",\"@id\":\"https:\/\/www.qigong-joie-vitalite.com\/index.php\/es\/donde-praticar\/\",\"url\":\"https:\/\/www.qigong-joie-vitalite.com\/index.php\/es\/donde-praticar\/\",\"name\":\"DONDE PRATICAR - Qi Gong\",\"isPartOf\":{\"@id\":\"https:\/\/www.qigong-joie-vitalite.com\/#website\"},\"datePublished\":\"2020-03-27T13:52:15+00:00\",\"dateModified\":\"2023-10-08T09:38:04+00:00\",\"description\":\"O\u00f9 pratiquer les cours de Qi gong \u00e0 Paris\",\"breadcrumb\":{\"@id\":\"https:\/\/www.qigong-joie-vitalite.com\/index.php\/es\/donde-praticar\/#breadcrumb\"},\"inLanguage\":\"fr-FR\",\"potentialAction\":[{\"@type\":\"ReadAction\",\"target\":[\"https:\/\/www.qigong-joie-vitalite.com\/index.php\/es\/donde-praticar\/\"]}]},{\"@type\":\"BreadcrumbList\",\"@id\":\"https:\/\/www.qigong-joie-vitalite.com\/index.php\/es\/donde-praticar\/#breadcrumb\",\"itemListElement\":[{\"@type\":\"ListItem\",\"position\":1,\"name\":\"Accueil\",\"item\":\"https:\/\/www.qigong-joie-vitalite.com\/\"},{\"@type\":\"ListItem\",\"position\":2,\"name\":\"DONDE PRATICAR\"}]},{\"@type\":\"WebSite\",\"@id\":\"https:\/\/www.qigong-joie-vitalite.com\/#website\",\"url\":\"https:\/\/www.qigong-joie-vitalite.com\/\",\"name\":\"Qi Gong\",\"description\":\"JOIE &amp; VITALITE\u00ae\",\"publisher\":{\"@id\":\"https:\/\/www.qigong-joie-vitalite.com\/#organization\"},\"potentialAction\":[{\"@type\":\"SearchAction\",\"target\":{\"@type\":\"EntryPoint\",\"urlTemplate\":\"https:\/\/www.qigong-joie-vitalite.com\/?s={search_term_string}\"},\"query-input\":{\"@type\":\"PropertyValueSpecification\",\"valueRequired\":true,\"valueName\":\"search_term_string\"}}],\"inLanguage\":\"fr-FR\"},{\"@type\":\"Organization\",\"@id\":\"https:\/\/www.qigong-joie-vitalite.com\/#organization\",\"name\":\"Qi Gong\",\"url\":\"https:\/\/www.qigong-joie-vitalite.com\/\",\"logo\":{\"@type\":\"ImageObject\",\"inLanguage\":\"fr-FR\",\"@id\":\"https:\/\/www.qigong-joie-vitalite.com\/#\/schema\/logo\/image\/\",\"url\":\"https:\/\/www.qigong-joie-vitalite.com\/wp-content\/uploads\/2019\/10\/cropped-qigong_cn.png\",\"contentUrl\":\"https:\/\/www.qigong-joie-vitalite.com\/wp-content\/uploads\/2019\/10\/cropped-qigong_cn.png\",\"width\":528,\"height\":250,\"caption\":\"Qi Gong\"},\"image\":{\"@id\":\"https:\/\/www.qigong-joie-vitalite.com\/#\/schema\/logo\/image\/\"}}]}<\/script>\n<!-- \/ Yoast SEO plugin. -->","yoast_head_json":{"title":"DONDE PRATICAR - Qi Gong","description":"O\u00f9 pratiquer les cours de Qi gong \u00e0 Paris","robots":{"index":"index","follow":"follow","max-snippet":"max-snippet:-1","max-image-preview":"max-image-preview:large","max-video-preview":"max-video-preview:-1"},"canonical":"https:\/\/www.qigong-joie-vitalite.com\/index.php\/es\/donde-praticar\/","og_locale":"fr_FR","og_type":"article","og_title":"DONDE PRATICAR - Qi Gong","og_description":"O\u00f9 pratiquer les cours de Qi gong \u00e0 Paris","og_url":"https:\/\/www.qigong-joie-vitalite.com\/index.php\/es\/donde-praticar\/","og_site_name":"Qi Gong","article_modified_time":"2023-10-08T09:38:04+00:00","twitter_card":"summary_large_image","twitter_misc":{"Dur\u00e9e de lecture estim\u00e9e":"1 minute"},"schema":{"@context":"https:\/\/schema.org","@graph":[{"@type":"WebPage","@id":"https:\/\/www.qigong-joie-vitalite.com\/index.php\/es\/donde-praticar\/","url":"https:\/\/www.qigong-joie-vitalite.com\/index.php\/es\/donde-praticar\/","name":"DONDE PRATICAR - Qi Gong","isPartOf":{"@id":"https:\/\/www.qigong-joie-vitalite.com\/#website"},"datePublished":"2020-03-27T13:52:15+00:00","dateModified":"2023-10-08T09:38:04+00:00","description":"O\u00f9 pratiquer les cours de Qi gong \u00e0 Paris","breadcrumb":{"@id":"https:\/\/www.qigong-joie-vitalite.com\/index.php\/es\/donde-praticar\/#breadcrumb"},"inLanguage":"fr-FR","potentialAction":[{"@type":"ReadAction","target":["https:\/\/www.qigong-joie-vitalite.com\/index.php\/es\/donde-praticar\/"]}]},{"@type":"BreadcrumbList","@id":"https:\/\/www.qigong-joie-vitalite.com\/index.php\/es\/donde-praticar\/#breadcrumb","itemListElement":[{"@type":"ListItem","position":1,"name":"Accueil","item":"https:\/\/www.qigong-joie-vitalite.com\/"},{"@type":"ListItem","position":2,"name":"DONDE PRATICAR"}]},{"@type":"WebSite","@id":"https:\/\/www.qigong-joie-vitalite.com\/#website","url":"https:\/\/www.qigong-joie-vitalite.com\/","name":"Qi Gong","description":"JOIE &amp; VITALITE\u00ae","publisher":{"@id":"https:\/\/www.qigong-joie-vitalite.com\/#organization"},"potentialAction":[{"@type":"SearchAction","target":{"@type":"EntryPoint","urlTemplate":"https:\/\/www.qigong-joie-vitalite.com\/?s={search_term_string}"},"query-input":{"@type":"PropertyValueSpecification","valueRequired":true,"valueName":"search_term_string"}}],"inLanguage":"fr-FR"},{"@type":"Organization","@id":"https:\/\/www.qigong-joie-vitalite.com\/#organization","name":"Qi Gong","url":"https:\/\/www.qigong-joie-vitalite.com\/","logo":{"@type":"ImageObject","inLanguage":"fr-FR","@id":"https:\/\/www.qigong-joie-vitalite.com\/#\/schema\/logo\/image\/","url":"https:\/\/www.qigong-joie-vitalite.com\/wp-content\/uploads\/2019\/10\/cropped-qigong_cn.png","contentUrl":"https:\/\/www.qigong-joie-vitalite.com\/wp-content\/uploads\/2019\/10\/cropped-qigong_cn.png","width":528,"height":250,"caption":"Qi Gong"},"image":{"@id":"https:\/\/www.qigong-joie-vitalite.com\/#\/schema\/logo\/image\/"}}]}},"_links":{"self":[{"href":"https:\/\/www.qigong-joie-vitalite.com\/index.php\/wp-json\/wp\/v2\/pages\/402","targetHints":{"allow":["GET"]}}],"collection":[{"href":"https:\/\/www.qigong-joie-vitalite.com\/index.php\/wp-json\/wp\/v2\/pages"}],"about":[{"href":"https:\/\/www.qigong-joie-vitalite.com\/index.php\/wp-json\/wp\/v2\/types\/page"}],"author":[{"embeddable":true,"href":"https:\/\/www.qigong-joie-vitalite.com\/index.php\/wp-json\/wp\/v2\/users\/1"}],"replies":[{"embeddable":true,"href":"https:\/\/www.qigong-joie-vitalite.com\/index.php\/wp-json\/wp\/v2\/comments?post=402"}],"version-history":[{"count":7,"href":"https:\/\/www.qigong-joie-vitalite.com\/index.php\/wp-json\/wp\/v2\/pages\/402\/revisions"}],"predecessor-version":[{"id":728,"href":"https:\/\/www.qigong-joie-vitalite.com\/index.php\/wp-json\/wp\/v2\/pages\/402\/revisions\/728"}],"wp:attachment":[{"href":"https:\/\/www.qigong-joie-vitalite.com\/index.php\/wp-json\/wp\/v2\/media?parent=402"}],"curies":[{"name":"wp","href":"https:\/\/api.w.org\/{rel}","templated":true}]}}