{"id":399,"date":"2020-03-27T14:44:20","date_gmt":"2020-03-27T13:44:20","guid":{"rendered":"https:\/\/www.qigong-joie-vitalite.com\/?page_id=399"},"modified":"2021-05-28T12:16:20","modified_gmt":"2021-05-28T10:16:20","slug":"la-pratica","status":"publish","type":"page","link":"https:\/\/www.qigong-joie-vitalite.com\/index.php\/es\/la-pratica\/","title":{"rendered":"LA PR\u00c0CTICA"},"content":{"rendered":"<p style=\"text-align: center;\">Sin lugar a duda la pr\u00e1ctica del Qi Gong es ben\u00e9fica para todos.<br \/>\nNo hay ninguna barrera de edad, ni de condiciones corporales o mentales.<br \/>\nEl aprendizaje del Qi Gong Antiguo se hace con suavidad.<br \/>\nCada etapa esta personalizada y adaptada. El profesor y el alumno se concentran en una pr\u00e1ctica del Qi Gong en armon\u00eda con las cualidades del alumno, sus esperas y su potencial. El progreso es natural, sin presi\u00f3n mental ni tensi\u00f3n emocional y siempre es ben\u00e9fica. Las fases de aprendizaje y de perfeccionamiento est\u00e1n guiadas por el profesor con el fin de que cada etapa de la pr\u00e1ctica siempre sea justa y eficaz. Para practicar bien el Qi Gong es necesario integrar las bases justas, s\u00f3lidas y profundas en consciencia y siempre en la calma del esp\u00edritu.<br \/>\nDesde el principio, el Qi Gong Antiguo mejora la regulaci\u00f3n de la respiraci\u00f3n. El alumno progresa en el conocimiento de su propia respiraci\u00f3n y de sus capacidades respiratorias. Se ponen en marcha nuevas cualidades psico-corporales con el fin de relajar su cuerpo en profundidad a la vez que se optimizan sus capacidades de potencia din\u00e1mica. Esta relajaci\u00f3n sutil y duradera del cuerpo participa, en cambio, a regular y a mejorar la respiraci\u00f3n asi como la circulaci\u00f3n sangu\u00ednea y la calma mental. Un c\u00edrculo virtuoso se pone en marcha. Aumenta la vitalidad armoniosa de las funciones org\u00e1nicas y favorece el equilibrio emocional.<br \/>\nCada ejercicio espec\u00edfico fortalece el cuerpo y la salud, la circulaci\u00f3n de la energ\u00eda vital mejora y la pr\u00e1ctica del Qi tambi\u00e9n. Cada forma del Qi Gong estudiada y practicada propone a los practicantes un campo de experimentaci\u00f3n directo e inmediato. El alumno puede medir concretamente por si solo y en directo con su profesor la eficacia y el progreso de su pr\u00e1ctica del Qi y de su salud. As\u00ed es como el alumno practicante experimenta el Qi Gong en confianza y mejora de forma duradera su serenidad y eficacia. El profesor se concentra realmente con el retorno de experiencia preciso de cada alumno en su pr\u00e1ctica del Qi.<\/p>\n<p style=\"text-align: center;\">El Qi Gong se transmite directamente con atenci\u00f3n, precauci\u00f3n y perseverancia.<br \/>\nNuestra escuela transmite el Qi Gong Antiguo y las Pr\u00e1cticas Cl\u00e1sicas de la V\u00eda Tao\u00edsta recibidos directamente a trav\u00e9s de grandes Maestros Tao\u00edstas Chinos.<\/p>\n<p style=\"text-align: center;\">Sus justas ense\u00f1anzas son nuestra pr\u00e1ctica. Sus maravillosas pr\u00e1cticas son la ense\u00f1anza.<\/p>\n<p style=\"text-align: center;\">Qi Gong bajo forma de pr\u00e1cticas est\u00e1ticas y posturales<br \/>\nQi Gong din\u00e1mico, en movimiento y encadenamientos fluidos<br \/>\nMeditaciones, meditaciones del aliento, meditaciones de alquimia interna<br \/>\nTao\u00edstas<\/p>\n<p style=\"text-align: center;\">Marchas \u00absagradas\u00bb del Tao Antiguo<br \/>\nQi Gong para la salud<br \/>\nQi Gong del Sonido<br \/>\nQi Gong Marcial<br \/>\nMasajes energ\u00e9ticos y auto masajes en relaci\u00f3n con la temporada<\/p>\n","protected":false},"excerpt":{"rendered":"<p>Sin lugar a duda la pr\u00e1ctica del Qi Gong es ben\u00e9fica para todos. No hay ninguna barrera de edad, ni de condiciones corporales o mentales. El aprendizaje del Qi Gong Antiguo se hace con suavidad. Cada etapa esta personalizada y adaptada. El profesor y el alumno se concentran en una pr\u00e1ctica del Qi Gong en &hellip; <\/p>\n<p class=\"link-more\"><a href=\"https:\/\/www.qigong-joie-vitalite.com\/index.php\/es\/la-pratica\/\" class=\"more-link\">Continuer la lecture<span class=\"screen-reader-text\"> de &laquo;&nbsp;LA PR\u00c0CTICA&nbsp;&raquo;<\/span><\/a><\/p>\n","protected":false},"author":1,"featured_media":0,"parent":0,"menu_order":0,"comment_status":"closed","ping_status":"closed","template":"","meta":{"footnotes":""},"class_list":["post-399","page","type-page","status-publish","hentry"],"yoast_head":"<!-- This site is optimized with the Yoast SEO plugin v25.2 - https:\/\/yoast.com\/wordpress\/plugins\/seo\/ -->\n<title>LA PR\u00c0CTICA - Qi Gong<\/title>\n<meta name=\"description\" content=\"La pratique du Qi gong\" \/>\n<meta name=\"robots\" content=\"index, follow, max-snippet:-1, max-image-preview:large, max-video-preview:-1\" \/>\n<link rel=\"canonical\" href=\"https:\/\/www.qigong-joie-vitalite.com\/index.php\/es\/la-pratica\/\" \/>\n<meta property=\"og:locale\" content=\"fr_FR\" \/>\n<meta property=\"og:type\" content=\"article\" \/>\n<meta property=\"og:title\" content=\"LA PR\u00c0CTICA - Qi Gong\" \/>\n<meta property=\"og:description\" content=\"La pratique du Qi gong\" \/>\n<meta property=\"og:url\" content=\"https:\/\/www.qigong-joie-vitalite.com\/index.php\/es\/la-pratica\/\" \/>\n<meta property=\"og:site_name\" content=\"Qi Gong\" \/>\n<meta property=\"article:modified_time\" content=\"2021-05-28T10:16:20+00:00\" \/>\n<meta name=\"twitter:card\" content=\"summary_large_image\" \/>\n<meta name=\"twitter:label1\" content=\"Dur\u00e9e de lecture estim\u00e9e\" \/>\n\t<meta name=\"twitter:data1\" content=\"2 minutes\" \/>\n<script type=\"application\/ld+json\" class=\"yoast-schema-graph\">{\"@context\":\"https:\/\/schema.org\",\"@graph\":[{\"@type\":\"WebPage\",\"@id\":\"https:\/\/www.qigong-joie-vitalite.com\/index.php\/es\/la-pratica\/\",\"url\":\"https:\/\/www.qigong-joie-vitalite.com\/index.php\/es\/la-pratica\/\",\"name\":\"LA PR\u00c0CTICA - Qi Gong\",\"isPartOf\":{\"@id\":\"https:\/\/www.qigong-joie-vitalite.com\/#website\"},\"datePublished\":\"2020-03-27T13:44:20+00:00\",\"dateModified\":\"2021-05-28T10:16:20+00:00\",\"description\":\"La pratique du Qi gong\",\"breadcrumb\":{\"@id\":\"https:\/\/www.qigong-joie-vitalite.com\/index.php\/es\/la-pratica\/#breadcrumb\"},\"inLanguage\":\"fr-FR\",\"potentialAction\":[{\"@type\":\"ReadAction\",\"target\":[\"https:\/\/www.qigong-joie-vitalite.com\/index.php\/es\/la-pratica\/\"]}]},{\"@type\":\"BreadcrumbList\",\"@id\":\"https:\/\/www.qigong-joie-vitalite.com\/index.php\/es\/la-pratica\/#breadcrumb\",\"itemListElement\":[{\"@type\":\"ListItem\",\"position\":1,\"name\":\"Accueil\",\"item\":\"https:\/\/www.qigong-joie-vitalite.com\/\"},{\"@type\":\"ListItem\",\"position\":2,\"name\":\"LA PR\u00c0CTICA\"}]},{\"@type\":\"WebSite\",\"@id\":\"https:\/\/www.qigong-joie-vitalite.com\/#website\",\"url\":\"https:\/\/www.qigong-joie-vitalite.com\/\",\"name\":\"Qi Gong\",\"description\":\"JOIE &amp; VITALITE\u00ae\",\"publisher\":{\"@id\":\"https:\/\/www.qigong-joie-vitalite.com\/#organization\"},\"potentialAction\":[{\"@type\":\"SearchAction\",\"target\":{\"@type\":\"EntryPoint\",\"urlTemplate\":\"https:\/\/www.qigong-joie-vitalite.com\/?s={search_term_string}\"},\"query-input\":{\"@type\":\"PropertyValueSpecification\",\"valueRequired\":true,\"valueName\":\"search_term_string\"}}],\"inLanguage\":\"fr-FR\"},{\"@type\":\"Organization\",\"@id\":\"https:\/\/www.qigong-joie-vitalite.com\/#organization\",\"name\":\"Qi Gong\",\"url\":\"https:\/\/www.qigong-joie-vitalite.com\/\",\"logo\":{\"@type\":\"ImageObject\",\"inLanguage\":\"fr-FR\",\"@id\":\"https:\/\/www.qigong-joie-vitalite.com\/#\/schema\/logo\/image\/\",\"url\":\"https:\/\/www.qigong-joie-vitalite.com\/wp-content\/uploads\/2019\/10\/cropped-qigong_cn.png\",\"contentUrl\":\"https:\/\/www.qigong-joie-vitalite.com\/wp-content\/uploads\/2019\/10\/cropped-qigong_cn.png\",\"width\":528,\"height\":250,\"caption\":\"Qi Gong\"},\"image\":{\"@id\":\"https:\/\/www.qigong-joie-vitalite.com\/#\/schema\/logo\/image\/\"}}]}<\/script>\n<!-- \/ Yoast SEO plugin. -->","yoast_head_json":{"title":"LA PR\u00c0CTICA - Qi Gong","description":"La pratique du Qi gong","robots":{"index":"index","follow":"follow","max-snippet":"max-snippet:-1","max-image-preview":"max-image-preview:large","max-video-preview":"max-video-preview:-1"},"canonical":"https:\/\/www.qigong-joie-vitalite.com\/index.php\/es\/la-pratica\/","og_locale":"fr_FR","og_type":"article","og_title":"LA PR\u00c0CTICA - Qi Gong","og_description":"La pratique du Qi gong","og_url":"https:\/\/www.qigong-joie-vitalite.com\/index.php\/es\/la-pratica\/","og_site_name":"Qi Gong","article_modified_time":"2021-05-28T10:16:20+00:00","twitter_card":"summary_large_image","twitter_misc":{"Dur\u00e9e de lecture estim\u00e9e":"2 minutes"},"schema":{"@context":"https:\/\/schema.org","@graph":[{"@type":"WebPage","@id":"https:\/\/www.qigong-joie-vitalite.com\/index.php\/es\/la-pratica\/","url":"https:\/\/www.qigong-joie-vitalite.com\/index.php\/es\/la-pratica\/","name":"LA PR\u00c0CTICA - Qi Gong","isPartOf":{"@id":"https:\/\/www.qigong-joie-vitalite.com\/#website"},"datePublished":"2020-03-27T13:44:20+00:00","dateModified":"2021-05-28T10:16:20+00:00","description":"La pratique du Qi gong","breadcrumb":{"@id":"https:\/\/www.qigong-joie-vitalite.com\/index.php\/es\/la-pratica\/#breadcrumb"},"inLanguage":"fr-FR","potentialAction":[{"@type":"ReadAction","target":["https:\/\/www.qigong-joie-vitalite.com\/index.php\/es\/la-pratica\/"]}]},{"@type":"BreadcrumbList","@id":"https:\/\/www.qigong-joie-vitalite.com\/index.php\/es\/la-pratica\/#breadcrumb","itemListElement":[{"@type":"ListItem","position":1,"name":"Accueil","item":"https:\/\/www.qigong-joie-vitalite.com\/"},{"@type":"ListItem","position":2,"name":"LA PR\u00c0CTICA"}]},{"@type":"WebSite","@id":"https:\/\/www.qigong-joie-vitalite.com\/#website","url":"https:\/\/www.qigong-joie-vitalite.com\/","name":"Qi Gong","description":"JOIE &amp; VITALITE\u00ae","publisher":{"@id":"https:\/\/www.qigong-joie-vitalite.com\/#organization"},"potentialAction":[{"@type":"SearchAction","target":{"@type":"EntryPoint","urlTemplate":"https:\/\/www.qigong-joie-vitalite.com\/?s={search_term_string}"},"query-input":{"@type":"PropertyValueSpecification","valueRequired":true,"valueName":"search_term_string"}}],"inLanguage":"fr-FR"},{"@type":"Organization","@id":"https:\/\/www.qigong-joie-vitalite.com\/#organization","name":"Qi Gong","url":"https:\/\/www.qigong-joie-vitalite.com\/","logo":{"@type":"ImageObject","inLanguage":"fr-FR","@id":"https:\/\/www.qigong-joie-vitalite.com\/#\/schema\/logo\/image\/","url":"https:\/\/www.qigong-joie-vitalite.com\/wp-content\/uploads\/2019\/10\/cropped-qigong_cn.png","contentUrl":"https:\/\/www.qigong-joie-vitalite.com\/wp-content\/uploads\/2019\/10\/cropped-qigong_cn.png","width":528,"height":250,"caption":"Qi Gong"},"image":{"@id":"https:\/\/www.qigong-joie-vitalite.com\/#\/schema\/logo\/image\/"}}]}},"_links":{"self":[{"href":"https:\/\/www.qigong-joie-vitalite.com\/index.php\/wp-json\/wp\/v2\/pages\/399","targetHints":{"allow":["GET"]}}],"collection":[{"href":"https:\/\/www.qigong-joie-vitalite.com\/index.php\/wp-json\/wp\/v2\/pages"}],"about":[{"href":"https:\/\/www.qigong-joie-vitalite.com\/index.php\/wp-json\/wp\/v2\/types\/page"}],"author":[{"embeddable":true,"href":"https:\/\/www.qigong-joie-vitalite.com\/index.php\/wp-json\/wp\/v2\/users\/1"}],"replies":[{"embeddable":true,"href":"https:\/\/www.qigong-joie-vitalite.com\/index.php\/wp-json\/wp\/v2\/comments?post=399"}],"version-history":[{"count":4,"href":"https:\/\/www.qigong-joie-vitalite.com\/index.php\/wp-json\/wp\/v2\/pages\/399\/revisions"}],"predecessor-version":[{"id":694,"href":"https:\/\/www.qigong-joie-vitalite.com\/index.php\/wp-json\/wp\/v2\/pages\/399\/revisions\/694"}],"wp:attachment":[{"href":"https:\/\/www.qigong-joie-vitalite.com\/index.php\/wp-json\/wp\/v2\/media?parent=399"}],"curies":[{"name":"wp","href":"https:\/\/api.w.org\/{rel}","templated":true}]}}