{"id":389,"date":"2020-03-27T14:21:06","date_gmt":"2020-03-27T13:21:06","guid":{"rendered":"https:\/\/www.qigong-joie-vitalite.com\/?page_id=389"},"modified":"2021-05-27T18:38:33","modified_gmt":"2021-05-27T16:38:33","slug":"389-2","status":"publish","type":"page","link":"https:\/\/www.qigong-joie-vitalite.com\/index.php\/es\/389-2\/","title":{"rendered":"QI GONG BARCELONE"},"content":{"rendered":"\n<h1 style=\"text-align: center;\">J\u00e9r\u00f4me Quet es profesor de Qi Gong.<\/h1>\n<h1 style=\"text-align: center;\">Practica y estudia desde hace mas de cuarenta a\u00f1os con sus profesores y maestros tao\u00edstas chinos.<\/h1>\n<h1 style=\"text-align: center;\">Ense\u00f1a Qi Gong Antiguo, es practicante en Medicina China y en Qi Gong Terap\u00e9utico. Tambi\u00e9n es profesor de Artes Marciales.<\/h1>\n\n\n\n<div style=\"height:92px\" aria-hidden=\"true\" class=\"wp-block-spacer\"><\/div>\n\n\n\n<h3 style=\"text-align: center;\"><strong><span style=\"background-color: #ffffff; color: #566e7c;\">los cursos<\/span><br \/><\/strong><\/h3>\n\n\n\n<div style=\"height:30px\" aria-hidden=\"true\" class=\"wp-block-spacer\"><\/div>\n\n\n\n<div class=\"wp-block-columns is-layout-flex wp-container-core-columns-is-layout-9d6595d7 wp-block-columns-is-layout-flex\">\n<div class=\"wp-block-column is-layout-flow wp-block-column-is-layout-flow\">\n<p style=\"text-align: center;\"><strong>Clases de Qi Gong Antiguo cada semana<\/strong><\/p>\n<p style=\"text-align: center;\">Los lunes y los jueves de 20h a 21h30<\/p>\n<\/div>\n\n\n\n<div class=\"wp-block-column is-layout-flow wp-block-column-is-layout-flow\">\n<p style=\"text-align: center;\"><strong>Masterclass de Qi Gong Antiguo<\/strong><\/p>\n<p style=\"text-align: center;\">Los domingos de 10h a 13h<\/p>\n<\/div>\n\n\n\n<div class=\"wp-block-column is-layout-flow wp-block-column-is-layout-flow\">\n<p style=\"text-align: center;\"><strong>Sesiones de meditaci\u00f3n<\/strong><\/p>\n<p style=\"text-align: center;\">Los martes por la ma\u00f1ana de 6h45 a 7h45 o de 7h45 a 8h45<\/p>\n<p style=\"text-align: center;\">Los jueves por la noche de 23h a medianoche<\/p>\n<\/div>\n<\/div>\n\n\n\n<div style=\"height:30px\" aria-hidden=\"true\" class=\"wp-block-spacer\"><\/div>\n\n\n\n<div style=\"height:30px\" aria-hidden=\"true\" class=\"wp-block-spacer\"><\/div>\n\n\n\n<p style=\"text-align: center;\">Por video conferencia en Internet para la temporada 2020-2021<\/p>\n<p style=\"text-align: center;\">Informaci\u00f3n e inscripciones :<\/p>\n<p>&nbsp;<\/p>\n<p style=\"text-align: center;\">+33 (0)7 82 26 47 64<\/p>\n<p style=\"text-align: center;\">ou<\/p>\n\n\n\n<div class=\"wp-block-button aligncenter\"><a class=\"wp-block-button__link\" href=\"https:\/\/www.qigong-joie-vitalite.com\/index.php\/es\/contacto\/\">Envoyer un message<\/a><\/div>\n","protected":false},"excerpt":{"rendered":"<p>J\u00e9r\u00f4me Quet es profesor de Qi Gong. Practica y estudia desde hace mas de cuarenta a\u00f1os con sus profesores y maestros tao\u00edstas chinos. Ense\u00f1a Qi Gong Antiguo, es practicante en Medicina China y en Qi Gong Terap\u00e9utico. Tambi\u00e9n es profesor de Artes Marciales. los cursos Clases de Qi Gong Antiguo cada semana Los lunes y &hellip; <\/p>\n<p class=\"link-more\"><a href=\"https:\/\/www.qigong-joie-vitalite.com\/index.php\/es\/389-2\/\" class=\"more-link\">Continuer la lecture<span class=\"screen-reader-text\"> de &laquo;&nbsp;QI GONG BARCELONE&nbsp;&raquo;<\/span><\/a><\/p>\n","protected":false},"author":1,"featured_media":204,"parent":0,"menu_order":0,"comment_status":"closed","ping_status":"closed","template":"","meta":{"footnotes":""},"class_list":["post-389","page","type-page","status-publish","has-post-thumbnail","hentry"],"yoast_head":"<!-- This site is optimized with the Yoast SEO plugin v25.2 - https:\/\/yoast.com\/wordpress\/plugins\/seo\/ -->\n<title>QI GONG BARCELONE - Qi Gong<\/title>\n<meta name=\"description\" content=\"J\u00e9r\u00f4me Quet pratique et enseigne le Qi Gong Ancien \u00e0 Paris et Barcelone.Master Classes et stages dans toute l\u2019Europe.\" \/>\n<meta name=\"robots\" content=\"index, follow, max-snippet:-1, max-image-preview:large, max-video-preview:-1\" \/>\n<link rel=\"canonical\" href=\"https:\/\/www.qigong-joie-vitalite.com\/index.php\/es\/389-2\/\" \/>\n<meta property=\"og:locale\" content=\"fr_FR\" \/>\n<meta property=\"og:type\" content=\"article\" \/>\n<meta property=\"og:title\" content=\"QI GONG BARCELONE - Qi Gong\" \/>\n<meta property=\"og:description\" content=\"J\u00e9r\u00f4me Quet pratique et enseigne le Qi Gong Ancien \u00e0 Paris et Barcelone.Master Classes et stages dans toute l\u2019Europe.\" \/>\n<meta property=\"og:url\" content=\"https:\/\/www.qigong-joie-vitalite.com\/index.php\/es\/389-2\/\" \/>\n<meta property=\"og:site_name\" content=\"Qi Gong\" \/>\n<meta property=\"article:modified_time\" content=\"2021-05-27T16:38:33+00:00\" \/>\n<meta property=\"og:image\" content=\"https:\/\/www.qigong-joie-vitalite.com\/wp-content\/uploads\/2019\/11\/qi-gong-neuillysurseine.png\" \/>\n\t<meta property=\"og:image:width\" content=\"1200\" \/>\n\t<meta property=\"og:image:height\" content=\"598\" \/>\n\t<meta property=\"og:image:type\" content=\"image\/png\" \/>\n<meta name=\"twitter:card\" content=\"summary_large_image\" \/>\n<meta name=\"twitter:label1\" content=\"Dur\u00e9e de lecture estim\u00e9e\" \/>\n\t<meta name=\"twitter:data1\" content=\"1 minute\" \/>\n<script type=\"application\/ld+json\" class=\"yoast-schema-graph\">{\"@context\":\"https:\/\/schema.org\",\"@graph\":[{\"@type\":\"WebPage\",\"@id\":\"https:\/\/www.qigong-joie-vitalite.com\/index.php\/es\/389-2\/\",\"url\":\"https:\/\/www.qigong-joie-vitalite.com\/index.php\/es\/389-2\/\",\"name\":\"QI GONG BARCELONE - Qi Gong\",\"isPartOf\":{\"@id\":\"https:\/\/www.qigong-joie-vitalite.com\/#website\"},\"primaryImageOfPage\":{\"@id\":\"https:\/\/www.qigong-joie-vitalite.com\/index.php\/es\/389-2\/#primaryimage\"},\"image\":{\"@id\":\"https:\/\/www.qigong-joie-vitalite.com\/index.php\/es\/389-2\/#primaryimage\"},\"thumbnailUrl\":\"https:\/\/www.qigong-joie-vitalite.com\/wp-content\/uploads\/2019\/11\/qi-gong-neuillysurseine.png\",\"datePublished\":\"2020-03-27T13:21:06+00:00\",\"dateModified\":\"2021-05-27T16:38:33+00:00\",\"description\":\"J\u00e9r\u00f4me Quet pratique et enseigne le Qi Gong Ancien \u00e0 Paris et Barcelone.Master Classes et stages dans toute l\u2019Europe.\",\"breadcrumb\":{\"@id\":\"https:\/\/www.qigong-joie-vitalite.com\/index.php\/es\/389-2\/#breadcrumb\"},\"inLanguage\":\"fr-FR\",\"potentialAction\":[{\"@type\":\"ReadAction\",\"target\":[\"https:\/\/www.qigong-joie-vitalite.com\/index.php\/es\/389-2\/\"]}]},{\"@type\":\"ImageObject\",\"inLanguage\":\"fr-FR\",\"@id\":\"https:\/\/www.qigong-joie-vitalite.com\/index.php\/es\/389-2\/#primaryimage\",\"url\":\"https:\/\/www.qigong-joie-vitalite.com\/wp-content\/uploads\/2019\/11\/qi-gong-neuillysurseine.png\",\"contentUrl\":\"https:\/\/www.qigong-joie-vitalite.com\/wp-content\/uploads\/2019\/11\/qi-gong-neuillysurseine.png\",\"width\":1200,\"height\":598},{\"@type\":\"BreadcrumbList\",\"@id\":\"https:\/\/www.qigong-joie-vitalite.com\/index.php\/es\/389-2\/#breadcrumb\",\"itemListElement\":[{\"@type\":\"ListItem\",\"position\":1,\"name\":\"Accueil\",\"item\":\"https:\/\/www.qigong-joie-vitalite.com\/\"},{\"@type\":\"ListItem\",\"position\":2,\"name\":\"QI GONG BARCELONE\"}]},{\"@type\":\"WebSite\",\"@id\":\"https:\/\/www.qigong-joie-vitalite.com\/#website\",\"url\":\"https:\/\/www.qigong-joie-vitalite.com\/\",\"name\":\"Qi Gong\",\"description\":\"JOIE &amp; VITALITE\u00ae\",\"publisher\":{\"@id\":\"https:\/\/www.qigong-joie-vitalite.com\/#organization\"},\"potentialAction\":[{\"@type\":\"SearchAction\",\"target\":{\"@type\":\"EntryPoint\",\"urlTemplate\":\"https:\/\/www.qigong-joie-vitalite.com\/?s={search_term_string}\"},\"query-input\":{\"@type\":\"PropertyValueSpecification\",\"valueRequired\":true,\"valueName\":\"search_term_string\"}}],\"inLanguage\":\"fr-FR\"},{\"@type\":\"Organization\",\"@id\":\"https:\/\/www.qigong-joie-vitalite.com\/#organization\",\"name\":\"Qi Gong\",\"url\":\"https:\/\/www.qigong-joie-vitalite.com\/\",\"logo\":{\"@type\":\"ImageObject\",\"inLanguage\":\"fr-FR\",\"@id\":\"https:\/\/www.qigong-joie-vitalite.com\/#\/schema\/logo\/image\/\",\"url\":\"https:\/\/www.qigong-joie-vitalite.com\/wp-content\/uploads\/2019\/10\/cropped-qigong_cn.png\",\"contentUrl\":\"https:\/\/www.qigong-joie-vitalite.com\/wp-content\/uploads\/2019\/10\/cropped-qigong_cn.png\",\"width\":528,\"height\":250,\"caption\":\"Qi Gong\"},\"image\":{\"@id\":\"https:\/\/www.qigong-joie-vitalite.com\/#\/schema\/logo\/image\/\"}}]}<\/script>\n<!-- \/ Yoast SEO plugin. -->","yoast_head_json":{"title":"QI GONG BARCELONE - Qi Gong","description":"J\u00e9r\u00f4me Quet pratique et enseigne le Qi Gong Ancien \u00e0 Paris et Barcelone.Master Classes et stages dans toute l\u2019Europe.","robots":{"index":"index","follow":"follow","max-snippet":"max-snippet:-1","max-image-preview":"max-image-preview:large","max-video-preview":"max-video-preview:-1"},"canonical":"https:\/\/www.qigong-joie-vitalite.com\/index.php\/es\/389-2\/","og_locale":"fr_FR","og_type":"article","og_title":"QI GONG BARCELONE - Qi Gong","og_description":"J\u00e9r\u00f4me Quet pratique et enseigne le Qi Gong Ancien \u00e0 Paris et Barcelone.Master Classes et stages dans toute l\u2019Europe.","og_url":"https:\/\/www.qigong-joie-vitalite.com\/index.php\/es\/389-2\/","og_site_name":"Qi Gong","article_modified_time":"2021-05-27T16:38:33+00:00","og_image":[{"width":1200,"height":598,"url":"https:\/\/www.qigong-joie-vitalite.com\/wp-content\/uploads\/2019\/11\/qi-gong-neuillysurseine.png","type":"image\/png"}],"twitter_card":"summary_large_image","twitter_misc":{"Dur\u00e9e de lecture estim\u00e9e":"1 minute"},"schema":{"@context":"https:\/\/schema.org","@graph":[{"@type":"WebPage","@id":"https:\/\/www.qigong-joie-vitalite.com\/index.php\/es\/389-2\/","url":"https:\/\/www.qigong-joie-vitalite.com\/index.php\/es\/389-2\/","name":"QI GONG BARCELONE - Qi Gong","isPartOf":{"@id":"https:\/\/www.qigong-joie-vitalite.com\/#website"},"primaryImageOfPage":{"@id":"https:\/\/www.qigong-joie-vitalite.com\/index.php\/es\/389-2\/#primaryimage"},"image":{"@id":"https:\/\/www.qigong-joie-vitalite.com\/index.php\/es\/389-2\/#primaryimage"},"thumbnailUrl":"https:\/\/www.qigong-joie-vitalite.com\/wp-content\/uploads\/2019\/11\/qi-gong-neuillysurseine.png","datePublished":"2020-03-27T13:21:06+00:00","dateModified":"2021-05-27T16:38:33+00:00","description":"J\u00e9r\u00f4me Quet pratique et enseigne le Qi Gong Ancien \u00e0 Paris et Barcelone.Master Classes et stages dans toute l\u2019Europe.","breadcrumb":{"@id":"https:\/\/www.qigong-joie-vitalite.com\/index.php\/es\/389-2\/#breadcrumb"},"inLanguage":"fr-FR","potentialAction":[{"@type":"ReadAction","target":["https:\/\/www.qigong-joie-vitalite.com\/index.php\/es\/389-2\/"]}]},{"@type":"ImageObject","inLanguage":"fr-FR","@id":"https:\/\/www.qigong-joie-vitalite.com\/index.php\/es\/389-2\/#primaryimage","url":"https:\/\/www.qigong-joie-vitalite.com\/wp-content\/uploads\/2019\/11\/qi-gong-neuillysurseine.png","contentUrl":"https:\/\/www.qigong-joie-vitalite.com\/wp-content\/uploads\/2019\/11\/qi-gong-neuillysurseine.png","width":1200,"height":598},{"@type":"BreadcrumbList","@id":"https:\/\/www.qigong-joie-vitalite.com\/index.php\/es\/389-2\/#breadcrumb","itemListElement":[{"@type":"ListItem","position":1,"name":"Accueil","item":"https:\/\/www.qigong-joie-vitalite.com\/"},{"@type":"ListItem","position":2,"name":"QI GONG BARCELONE"}]},{"@type":"WebSite","@id":"https:\/\/www.qigong-joie-vitalite.com\/#website","url":"https:\/\/www.qigong-joie-vitalite.com\/","name":"Qi Gong","description":"JOIE &amp; VITALITE\u00ae","publisher":{"@id":"https:\/\/www.qigong-joie-vitalite.com\/#organization"},"potentialAction":[{"@type":"SearchAction","target":{"@type":"EntryPoint","urlTemplate":"https:\/\/www.qigong-joie-vitalite.com\/?s={search_term_string}"},"query-input":{"@type":"PropertyValueSpecification","valueRequired":true,"valueName":"search_term_string"}}],"inLanguage":"fr-FR"},{"@type":"Organization","@id":"https:\/\/www.qigong-joie-vitalite.com\/#organization","name":"Qi Gong","url":"https:\/\/www.qigong-joie-vitalite.com\/","logo":{"@type":"ImageObject","inLanguage":"fr-FR","@id":"https:\/\/www.qigong-joie-vitalite.com\/#\/schema\/logo\/image\/","url":"https:\/\/www.qigong-joie-vitalite.com\/wp-content\/uploads\/2019\/10\/cropped-qigong_cn.png","contentUrl":"https:\/\/www.qigong-joie-vitalite.com\/wp-content\/uploads\/2019\/10\/cropped-qigong_cn.png","width":528,"height":250,"caption":"Qi Gong"},"image":{"@id":"https:\/\/www.qigong-joie-vitalite.com\/#\/schema\/logo\/image\/"}}]}},"_links":{"self":[{"href":"https:\/\/www.qigong-joie-vitalite.com\/index.php\/wp-json\/wp\/v2\/pages\/389","targetHints":{"allow":["GET"]}}],"collection":[{"href":"https:\/\/www.qigong-joie-vitalite.com\/index.php\/wp-json\/wp\/v2\/pages"}],"about":[{"href":"https:\/\/www.qigong-joie-vitalite.com\/index.php\/wp-json\/wp\/v2\/types\/page"}],"author":[{"embeddable":true,"href":"https:\/\/www.qigong-joie-vitalite.com\/index.php\/wp-json\/wp\/v2\/users\/1"}],"replies":[{"embeddable":true,"href":"https:\/\/www.qigong-joie-vitalite.com\/index.php\/wp-json\/wp\/v2\/comments?post=389"}],"version-history":[{"count":8,"href":"https:\/\/www.qigong-joie-vitalite.com\/index.php\/wp-json\/wp\/v2\/pages\/389\/revisions"}],"predecessor-version":[{"id":672,"href":"https:\/\/www.qigong-joie-vitalite.com\/index.php\/wp-json\/wp\/v2\/pages\/389\/revisions\/672"}],"wp:featuredmedia":[{"embeddable":true,"href":"https:\/\/www.qigong-joie-vitalite.com\/index.php\/wp-json\/wp\/v2\/media\/204"}],"wp:attachment":[{"href":"https:\/\/www.qigong-joie-vitalite.com\/index.php\/wp-json\/wp\/v2\/media?parent=389"}],"curies":[{"name":"wp","href":"https:\/\/api.w.org\/{rel}","templated":true}]}}